
565
What is -52b (base 12) in base 15?
-355
Convert 1da0 (base 14) to base 12.
3188
Convert 2121000 (base 3) to base 10.
1890
What is -1001101101 (base 2) in base 9?
-760
What is 243343 (base 5) in base 6?
110411
c492 (base 13) to base 12
13873
28743 (base 10) to base 13
10110
Convert 1001100000 (base 2) to base 10.
608
1244 (base 9) to base 4
32203
What is -2be8 (base 16) in base 13?
-5168
Convert -d1 (base 16) to base 7.
-416
What is 144403 (base 7) in base 10?
27982
Convert 1065 (base 8) to base 7.
1435
What is 3196 (base 14) in base 8?
20560
3787 (base 15) to base 13
54ca
What is 3a2b (base 13) in base 3?
102102002
What is 93 (base 10) in base 2?
1011101
Convert 11ab (base 12) to base 2.
11111010011
What is -145a (base 12) in base 13?
-1108
What is 11155 (base 7) in base 5?
42313
What is 22441 (base 5) in base 6?
11301
Convert 172 (base 12) to base 4.
3212
What is 553 (base 9) in base 12?
319
Convert -79b2 (base 13) to base 5.
-1021140
Convert c69 (base 14) to base 6.
15153
1012000112 (base 3) to base 13
a817
705 (base 10) to base 5
10310
Convert 418 (base 14) to base 6.
3422
What is -339 (base 12) in base 15?
-21c
What is 1325 (base 16) in base 10?
4901
What is 101c1 (base 14) in base 10?
38781
Convert -1101011021 (base 3) to base 16.
-69d0
-11100001001110 (base 2) to base 7
-60011
Convert 4a03 (base 11) to base 12.
3949
What is -1112001 (base 3) in base 13?
-673
Convert -991 (base 13) to base 6.
-11331
15ba (base 13) to base 6
22443
What is -34a (base 14) in base 15?
-2d9
Convert 1a24 (base 11) to base 7.
10325
7a5 (base 14) to base 5
22032
1012331 (base 4) to base 14
1925
-607 (base 11) to base 14
-3a5
Convert 105a0 (base 11) to base 12.
8a78
Convert 22414 (base 5) to base 8.
3111
-156365 (base 8) to base 5
-3302230
Convert 499 (base 13) to base 14.
414
Convert 1488 (base 14) to base 2.
111001000000
Convert 1ad6 (base 15) to base 6.
42550
Convert 382 (base 10) to base 7.
1054
Convert 40563 (base 7) to base 10.
9894
Convert -298 (base 14) to base 10.
-526
Convert 831 (base 13) to base 4.
111300
70275 (base 8) to base 4
13002331
cc23 (base 16) to base 10
52259
Convert 21214 (base 9) to base 11.
a5a1
What is 21200000 (base 3) in base 4?
1113111
Convert 7943 (base 10) to base 3.
101220012
5437 (base 11) to base 7
26634
What is 33 (base 11) in base 12?
30
What is -134 (base 12) in base 14?
-d2
1201002 (base 3) to base 11
a31
Convert 13141 (base 7) to base 11.
26aa
Convert 11221110 (base 4) to base 11.
16412
What is d6b (base 14) in base 4?
221103
Convert -7146 (base 9) to base 13.
-24c0
1360 (base 15) to base 10
4140
What is 422 (base 5) in base 9?
134
Convert -2403 (base 8) to base 4.
-110003
-9145 (base 10) to base 14
-3493
What is -2181 (base 11) in base 6?
-21144
Convert -1491 (base 13) to base 7.
-11502
Convert -1031 (base 4) to base 14.
-57
Convert -444 (base 10) to base 11.
-374
What is 150332 (base 6) in base 15?
43de
Convert -78c6 (base 14) to base 3.
-1001201221
575 (base 15) to base 10
1235
-1140 (base 7) to base 15
-1d0
What is -1827 (base 9) in base 16?
-57a
Convert 70b0 (base 12) to base 15.
3953
What is 1111111001001 (base 2) in base 4?
1333021
Convert 1011240 (base 5) to base 14.
5dc9
Convert -1112200 (base 4) to base 8.
-12640
What is 13102 (base 5) in base 9?
1361
Convert 1530 (base 15) to base 9.
6210
2b7 (base 14) to base 13
337
Convert 201 (base 10) to base 2.
11001001
What is 4123 (base 5) in base 14?
2a6
Convert 10124 (base 5) to base 10.
664
What is -526 (base 11) in base 2?
-1001111001
What is c6c (base 13) in base 5?
31433
Convert 21121 (base 3) to base 12.
151
Convert -c8 (base 16) to base 8.
-310
What is -6227 (base 9) in base 6?
-33041
What is -3547 (base 13) in base 8?
-16507
-6905 (base 10) to base 4
-1223321
-34c (base 14) to base 4
-22100
What is -1185 (base 9) in base 3?
-1012212
Convert 4c7c (base 14) to base 7.
54115
What is 8 (base 12) in base 9?
8
What is -111110110 (base 2) in base 15?
-237
86 (base 15) to base 11
105
What is -312220 (base 4) in base 15?
-1081
-1680 (base 12) to base 14
-da0
Convert 169 (base 10) to base 14.
c1
What is 210300 (base 6) in base 7?
100302
What is -24433 (base 5) in base 6?
-12352
-33a (base 12) to base 15
-21d
12133 (base 5) to base 3
1021000
Convert 11414 (base 6) to base 4.
122002
What is 430 (base 7) in base 8?
331
What is 2625 (base 7) in base 13?
5bb
Convert 22431 (base 5) to base 11.
123a
Convert -21122200 (base 3) to base 16.
-15cc
Convert 10322 (base 4) to base 7.
626
What is -2cb6 (base 13) in base 10?
-6571
793 (base 12) to base 14
59d
Convert 16a7d (base 14) to base 9.
86108
What is -120202 (base 4) in base 9?
-2134
What is -52510 (base 6) in base 7?
-26460
What is 133520 (base 7) in base 13?
b690
What is -187 (base 14) in base 2?
-100111011
Convert -22002022 (base 3) to base 8.
-13406
Convert 4525 (base 10) to base 15.
151a
Convert af85 (base 16) to base 4.
22332011
Convert 1cc (base 13) to base 6.
1321
Convert 27632 (base 8) to base 11.
9179
What is 30028 (base 11) in base 5?
2401303
What is -238b2 (base 12) in base 14?
-13686
Convert -20 (base 5) to base 16.
-a
What is -72 (base 16) in base 13?
-8a
What is 10101001001 (base 2) in base 3?
1212010
Convert -1bb9b (base 13) to base 12.
-277b7
Convert 476 (base 11) to base 9.
700
What is -115 (base 15) in base 9?
-302
Convert 13770 (base 8) to base 13.
2a40
What is -1631 (base 7) in base 14?
-351
Convert 446 (base 15) to base 4.
33012
Convert -28e (base 16) to base 5.
-10104
Convert 13131 (base 11) to base 13.
8724
What is -503110 (base 6) in base 2?
-1001101010010010
-4616 (base 7) to base 6
-11435
What is -2850 (base 15) in base 7?
-34101
352 (base 6) to base 10
140
14103 (base 10) to base 6
145143
What is -4351 (base 14) in base 8?
-26563
Convert 12012312 (base 4) to base 15.
7629
What is -14041 (base 11) in base 6?
-232350
What is 1131 (base 12) in base 11?
1486
377 (base 11) to base 16
1bf
Convert -1010001111100 (base 2) to base 5.
-131434
a9a4 (base 12) to base 7
105343
-102200001 (base 3) to base 4
-2010322
Convert 31221 (base 4) to base 8.
1551
Convert -22368 (base 10) to base 8.
-53540
13111321 (base 4) to base 3
1112020211
What is -23311 (base 5) in base 7?
-4655
Convert 1010111001111 (base 2) to base 12.
3293
What is 5bb (base 12) in base 15?
3c8
What is -162a7 (base 14) in base 16?
-d87b
What is -14764 (base 11) in base 15?
-62c2
Convert 48 (base 11) to base 13.
40
1090 (base 13) to base 9
3151
-69 (base 13) to base 16
-57
What is -ab6 (base 16) in base 11?
-2073
10 (base 2) to base 8
2
Convert -270 (base 8) to base 3.
-20211
What is -4e1 (base 15) in base 5?
-13421
Convert 2125 (base 10) to base 4.
201031
11c9 (base 16) to base 2
1000111001001
Convert 8765 (base 15) to base 6.
340422
Convert -c88 (base 14) to base 11.
-1948
What is -31001 (base 4) in base 11?
-698
Convert 3745 (base 11) to base 15.
16ae
Convert 24363 (base 8) to base 15.
318d
7472 (base 11) to base 10
9880
Convert 2002 (base 6) to base 9.
532
Convert 36101 (base 7) to base 6.
111035
What is -950 (base 14) in base 13?
-ab1
What is 4100 (base 6) in base 16?
384
What is -af0 (base 16) in base 9?
-3751
What is -1444 (base 5) in base 13?
-162
Convert 294 (base 16) to base 4.
22110
What is 7a5 (base 13) in base 12?
91a
What is 337 (base 12) in base 10?
475
Convert 14001 (base 5) to base 15.
501
What is 1001000010 (base 2) in base 9?
712
What is 307 (base 15) in base 3?
221021
What is 184 (base 10) in base 4?
2320
6761 (base 12) to base 11
8669
20011 (base 3) to base 15
b1
e6b (base 16) to base 3
12001201
What is -2b3a (base 12) in base 5?
-130321
6fb (base 16) to base 7
5132
What is -76132 (base 9) in base 4?
-30103223
Convert 10200122 (base 3) to base 6.
20242
What is -1315 (base 7) in base 4?
-13312
What is -12021202 (base 3) in base 9?
-5252
22a (base 14) to base 8
656
What is 45371 (base 9) in base 13?
1098a
Convert 43332 (base 5) to base 12.
1873
Convert -1063 (base 8) to base 7.
-1433
b26 (base 13) to base 8
3543
What is -236 (base 14) in base 3?
-121022
Convert 1201020 (base 3) to base 2.
10011100000
What is -841 (base 12) in base 2?
-10010110001
-627d (base 14) to base 8
-41107
Convert -14271 (base 12) to base 6.
-333421
41006 (base 8) to base 6
210130
What is -112 (base 6) in base 10?
-44
1ba7 (base 12) to base 13
1747
What i